6) + 2 + -3 + 4?
-1
What is the value of 11 + -8 - (-2 + 5)?
0
Evaluate -4 - (18 + -16 + (-6 - -1)).
-1
Calculate -1 + -2 - (74 + -82).
5
What is 0 + -1 + -5 + 9?
3
Calculate 5 + -6 + 5 - 1.
3
What is -2 + -1 + 4 + -4?
-3
What is -5 + (-1 + (-2 - 2) - -11)?
1
What is 17 - (2 + 13 + -5)?
7
Calculate 9 - (5 + (-1 - (7 - 8))).
4
Calculate -1 + -7 + 1 + 3 + 1.
-3
Calculate -3 - (1 + (1 - 2)).
-3
Calculate -1 + (-3 - -6) + (3 - 0).
5
Evaluate 12 + -11 + (-3 - 2).
-4
Evaluate (1 - 2) + -6 + (5 - 2).
-4
Calculate 1 + 0 - (2 - (-23 - -19)).
-5
Evaluate -36 - -36 - (3 + -1).
-2
What is 2 + -1 - (-8 - -11)?
-2
-8 + 8 + -9 - -2
-7
Evaluate -1 - ((6 - 6) + 4).
-5
3 + -4 - (7 + -7 + -2)
1
(-11 - -2) + (0 - -4)
-5
19 + -19 - (-1 - (4 + -2))
3
What is (-3 - -1) + (26 - 38) + 3?
-11
Evaluate -1 + 3 + 1 + -384 + 377.
-4
(-1 - -2) + (6 - 4) - 4
-1
(-10 - -12) + -2 + 0 + 0
0
Calculate (0 - 3) + (16 + -7 - 11).
-5
Calculate 13 + -5 - -3 - 12.
-1
Calculate -8 - (1 - 1 - (13 + -1)).
4
What is (-17 - -27) + (-13 - 1)?
-4
Calculate 1 + (0 - -1) + -5 + 2.
-1
What is -8 + 5 - (-4 - (4 + 1))?
6
-1 - 3 - (-2 + 2 + 2)
-6
Evaluate 4 + (-11 - -5) + 1.
-1
Calculate 0 + 0 + -1 + -10 + 15.
4
What is (-3 + 2 - -4) + -8?
-5
Evaluate -3 - -3 - -1 - (-1 - -7).
-5
What is 11 - (-7 + -7 - -21)?
4
Calculate -18 + 20 + -2 + 3 + 2.
5
What is the value of -4 - (2 + (-2 - 1))?
-3
What is (0 + 0 - 6) + -1 - 1?
-8
Calculate 9 - (18 + -4 - 10).
5
Calculate 3 - (25 + -21 + (-1 - 0)).
0
-2 - (1 - 4 - (1 + -2))
0
9 + -5 + 6 + -4
6
What is the value of 0 + -10 + (-8 - -9)?
-9
What is the value of -9 + 6 + (1 - -1)?
-1
Calculate -5 - (-4 + 6 + -8).
1
-13 - (4 + -1 + -14 + 5)
-7
(-6 - -3) + 2 - -3
2
Evaluate 1 - (-11 - (-3 - 2) - -6).
1
What is (1 - 9) + -19 + 23 + 1?
-3
Calculate -2 - (5 + -5 + 1).
-3
Evaluate 5 + -12 + 9 + (-3 - -2).
1
Evaluate -5 + 6 - ((-11 - -5) + 4).
3
What is -16 - (-16 - (13 + -23))?
-10
Calculate -3 - (-1 + -3 + -3).
4
What is -6 + 4 - 1 - (-1 + -7)?
5
What is 2 - (1 - -4 - 1 - 4)?
2
What is the value of 4 - ((-8 - -4) + (1 - -2))?
5
(-4 - (-3 - -4)) + 0
-5
6 + (-5 - -2 - (2 + -5))
6
Calculate -4 + (3 - 3) + -3 + 2.
-5
What is the value of (-3 - 0) + 1 - (130 - 133)?
1
Evaluate 8 + -5 + -10 - (2 - 1).
-8
(2 - -4 - -1) + -1 + -3
3
What is the value of -2 + (-1 - ((9 - 5) + -4))?
-3
What is the value of -2 + -3 - -7 - -4 - 0?
6
Calculate 5 + -10 + -4 + (-3 - -18).
6
-78 + 73 + 0 + -1
-6
What is (12 - 3) + -3 - (4 - 3)?
5
What is 6 + (6 - 9) - 2?
1
-12 + 11 - (-3 + 2)
0
What is the value of -2 + 6 + -1 + -8 - -3?
-2
5 + -10 + (-5 - 0 - -3)
-7
Calculate (-6 - (-19 + 6)) + (-3 - -2).
6
Evaluate (3 + -1 - 2) + -2.
-2
Calculate -1 + (-5 - -1) - -1 - 0.
-4
What is -3 + -2 + 0 + (4 - 3)?
-4
Calculate 16 + -23 - 3 - (-8 - -1).
-3
-7 - 3 - (2 - 7) - -6
1
What is 3 + -12 + 0 - -8?
-1
Calculate 0 + -4 - (9 - 11).
-2
What is the value of 2 - ((2 - 1) + 7 + -2)?
-4
Evaluate (17 - 25) + 2 + 12.
6
Evaluate 9 + -9 + 7 + -9.
-2
What is -5 - (7 - 24 - -2)?
10
What is (-2 - -5) + (1 - -1) + 1?
6
Evaluate 4 - (2 - 3) - (8 - 5).
2
What is the value of (-8 - (-4 + 5)) + 14?
5
What is the value of -3 - (-7 - -9 - (4 + -6))?
-7
What is the value of (1 + -2 + 1 - -2) + -1?
1
Evaluate 5 + (-7 - (3 - -3 - 17)).
9
What is (-8 - 1) + 10 - (-5 + 0)?
6
What is 1 + -5 + 10 - 7?
-1
What is (8 - 0) + 3 + -3 - 3?
5
What is 4 + -5 + 0 - 3?
-4
What is the value of -5 + 2 - -5 - (1 + 1)?
0
What is -4 + -7 + 7 + (0 - -3)?
-1
Evaluate 2 + 0 + 6 + -4.
4
Evaluate -22 + 21 + (0 - -1).
0
-1 + (3 - 5) + 1
-2
(-2 - 5) + 4 + 4
1
Calculate 1 - (-2 - (6 - 7)).
2
Evaluate -1 + -10 + 0 + 4.
-7
Calculate 1 + -4 + -2 + -2 + 6.
-1
What is the value of 3 + 1 + -1 + 1?
4
What is the value of 3 - -5 - (5 - (3 + -1))?
5
What is -2 + (5 - 7 - -7)?
3
What is the value of (-12 - -12) + 2 - 9?
-7
What is the value of -6 + -2 - -5 - (-5 + -2)?
4
-4 + (1 - -4 - -8)
9
What is 3 - 0 - 9 - (0 - 3)?
-3
What is 5 + 0 + (6 + 12 - 23)?
0
Calculate 11 + (9 - 5) + -7.
8
What is (5 - 11 - (-3 - -1)) + -4?
-8
2 - (3 + 0 - -4)
-5
Evaluate -5 + (-10 - (7 - 15)).
-7
What is the value of 1 + (2 - -3) + -7?
-1
What is 2 + (4 - (20 - 8)) + 4?
-2
8 - (5 - (8 - 14))
-3
4 - (-9 + 3 + (3 - 1))
8
What is the value of -3 - (2 - 4) - 4?
-5
What is (-6 + 16 - 8) + (1 - 4)?
-1
Calculate 18 + (-6 - -1) + -6.
7
What is the value of (-7 - -5) + -3 - -1?
-4
(8 - (3 - -2)) + -2
1
What is 1 + 0 - (6 - (-2 - -7))?
0
Calculate -6 + (1 + -1 - (-18 + 5)).
7
Calculate -7 - (-8 + (5 - 0)).
-4
Calculate (19 - 14) + (-8 - -3).
0
Calculate -6 - -2 - -7 - (5 - 0).
-2
What is 6 + -10 + 7 - (0 - -2)?
1
What is -2 + -2 + 3 + 4 + -6?
-3
Evaluate (-3 - (3 - (1 - -2))) + 3.
0
Evaluate 1 + -6 + 0 - (25 + -25).
-5
Evaluate 8 - ((12 - 5) + -1).
2
Evaluate (14 - (13 + -1)) + 2 + 3.
7
Evaluate 4 + (-6 - 1 - -2).
-1
What is -1 + -3 + 4 - (-3 + 0)?
3
Evaluate -7 + (-2 + 8 - 0) + 10.
9
What is the value of 3 - (-4 + 7 + -3)?
3
What is -14 - (2 + -11 + 2)?
-7
Evaluate (1 - (-6 - 1)) + -7.
1
Evaluate -1 + 7 - (0 + (-1 - -5)).
2
What is (-10 + -6 - -11) + (0 - -3)?
-2
What is -2 + 3 - (-4 - -5)?
0
Calculate 2 + -3 + (-1 - 0).
-2
What is the value of 18 + (-6 - 1 - (-33 + 34))?
10
0 - 0 - ((-2 - -1) + 1)
0
-7 + -2 + 7 + -2
-4
Evaluate (0 - -1) + -1 + 5.
5
Calculate 0 - (-1 + (2 - 2) + 6).
-5
What is -1 + (2 - (0 - -3))?
-2
What is the value of 1 + 1 + 1 + -4?
-1
Calculate (9 - 7) + (13 - 15).
0
What is 12 - 15 - ((-1 - -2) + -4)?
0
Calculate 1 + (-13 - -9) + (-3 - 1).
-7
Evaluate 13 + -7 + -1 + 5.
10
What is the value of 13 + -4 + (-3 - 0)?
6
Calculate (0 - 0) + (6 - 6 - 3).
-3
What is the value of 41 + -41 + -3 + -1?
-4
Evaluate (9 - 2 - (34 - 21)) + 2.
-4
What is 0 + -6 + (-3 - -5)?
-4
What is 6 + -6 - (22 - 12)?
-10
Evaluate -2 + (14 - 14) - (1 - 0).
-3
What is the value of -7 - -2 - (1 - 1)?
-5
What is 10 - (1 - (9 - 5 - 7))?
6
Calculate 4 - ((-11 - -8) + 8).
-1
-10 - ((5 - 9) + -1)
-5
Calculate -7 + (-4 + 6 - -1) + 11.
7
Calculate -1 + -3 + (8 - 5) + 4.
3
Evaluate (2 - 10) + 11 - (1 - 2).
4
What is (3 - 3) + (0 - 3 - -2)?
-1
What is 3 + (-8 - -21) + -8 + 1?
9
Calculate -9 + (6 - -5 - 2).
0
Evaluate -4 + -2 + 3 + (1 - -1).
-1
-5 - -2 - (2 + (2 - 10))
3
2 - (-7 + (5 - (2 + -1)))
5
Calculate -6 - (1 - 2 - 11).
6
2 - ((-3 - 0) + 0 + 1)
4
What is the value of 12 + -11 - (3 + 1) - 4?
-7
What is the value of 9 - (15 - (-5 + 9))?
-2
What is (3 - 0 - 4) + 0 + 3?
2
Calculate -1 + 7 + -18 + 10.
-2
What is the value of 13 - 2 - 11 - (0 - -6)?
-6
1 - (5 + 3 + 3 + -7)
-3
6 + (7 - (3 - (-5 - -4)))
9
Calculate 104 - 100 - (1 - 2).
5
Calculate -6 + 13 - (-2 - (2 - 5)).
6
Calculate (2 - -1) + (-13 - -10) - 5.
-5
Evaluate (-17 - -9) + 14 - 1.
5
What is -5 - (-8 - (-1 + -3))?
-1
Evaluate (6 - (0 + 7)) + -4 + 13.
8
What is the value of 1 - ((4 - 2) + -4)?
3
What is the value of (-7 - -15) + -19 - -18?
7
4 - (-6 + 2) - (-2 + 4)
6
What is the value of 16 + -18 - (2 + 1 + -1)?
-4
What is -3 - 0 - (5 + -12) - 2?
2
What is 10 - (-4 - (-3 - 4))?
7
What is 3 - -9 - 6 - (1 - 0)?
5
What is -3 + 1 + (10 + -5 - -4)?
7
Calculate 2 + 2 - (2 - (-1 - -1)).
2
What is the value of (7 + (-1 - 19) - -6) + 12?
5
(12 - (-8 - -12)) + -12
-4
Calculate 2 + (2 - (-2 + (4 - 2))).
4
0 + (-5 - -9) + -3 - 0
1
-38 + 34 - (2 - 0 - 7)
1
Evaluate 6 + (-4 - (-4 - (-1 - 0))).
5
Evaluate -9 + 3 + (-1 - -7).
0
Calculate -6 - (-3 - (-4 + 5) - 10).
8
Evaluate 1 + 4 + -6 + -3 - -11.
7
What is the value of -2 - (6 + 1 + -7)?
-2
What is the value of 14 + -3 - (15 + -13)?
9
What is 8 - 5 - (5 - 4) - 1?
1
What is 9 - 5 - 6 - 0?
-2
Calculate 5 + 1 + -4 + -2.
0
Evaluate 1 - ((-1 - 3) + 2 - 0).
3
What is -3 + (2 - 4) + 9 + 0?
4
Calculate -8 + (4 + 5 - 5).
-4
Evaluate -19 + (-11 - (0 - 21)).
-9
What is -7 - -6 - (4 + -8)?
3
12 + -13 - (-4 - (-1 + -1))
1
What is the value of (4 - (3 + -2) - 5) + 3?
1
What is the value of -1 - (-1 + -7 + 4 + 1)?
2
Calculate (-8 - -4) + -4 + 5 + -2.
-5
What is (0 - -8) + 23 + -32 + 1?
0
What is (-1 - (-10 + 5)) + 1?
5
-3 + -12 + 5 + 5
-5
What is (20 - 6) + -6 - (8 - 6)?
6
Evaluate -1 + 9 - (18 + -10).
0
Evaluate (-1 - -7) + (2 - (-7 + 12)).
3
What is the value of -4 + (-13 - (-12 - -4 - -2))?
-11
Calculate -4 + 2 - (-3 + 0) - 2.
-1
What is -4 - ((-4 - -1) + -10)?
9
What is the value of (-11 - -23) + -10 + (0 - 1)?
1
Evalu